{"id":3,"date":"2021-05-04T21:06:29","date_gmt":"2021-05-04T21:06:29","guid":{"rendered":"http:\/\/ak.iskenderakkurt.com\/?page_id=3"},"modified":"2022-04-26T15:38:00","modified_gmt":"2022-04-26T15:38:00","slug":"privacy-policy","status":"publish","type":"page","link":"https:\/\/ak.iskenderakkurt.com\/?page_id=3","title":{"rendered":"\u00c7ocukluk Y\u0131llar\u0131"},"content":{"rendered":"\n\n\n<p>This is a test<\/p>\n","protected":false},"excerpt":{"rendered":"<p>This is a test<\/p>\n","protected":false},"author":1,"featured_media":0,"parent":0,"menu_order":0,"comment_status":"closed","ping_status":"closed","template":"","meta":[],"_links":{"self":[{"href":"https:\/\/ak.iskenderakkurt.com\/index.php?rest_route=\/wp\/v2\/pages\/3"}],"collection":[{"href":"https:\/\/ak.iskenderakkurt.com\/index.php?rest_route=\/wp\/v2\/pages"}],"about":[{"href":"https:\/\/ak.iskenderakkurt.com\/index.php?rest_route=\/wp\/v2\/types\/page"}],"author":[{"embeddable":true,"href":"https:\/\/ak.iskenderakkurt.com\/index.php?rest_route=\/wp\/v2\/users\/1"}],"replies":[{"embeddable":true,"href":"https:\/\/ak.iskenderakkurt.com\/index.php?rest_route=%2Fwp%2Fv2%2Fcomments&post=3"}],"version-history":[{"count":9,"href":"https:\/\/ak.iskenderakkurt.com\/index.php?rest_route=\/wp\/v2\/pages\/3\/revisions"}],"predecessor-version":[{"id":43,"href":"https:\/\/ak.iskenderakkurt.com\/index.php?rest_route=\/wp\/v2\/pages\/3\/revisions\/43"}],"wp:attachment":[{"href":"https:\/\/ak.iskenderakkurt.com\/index.php?rest_route=%2Fwp%2Fv2%2Fmedia&parent=3"}],"curies":[{"name":"wp","href":"https:\/\/api.w.org\/{rel}","templated":true}]}}